) to base 8.
-34
What is 35 (base 11) in base 3?
1102
What is 59 (base 15) in base 3?
10010
What is -2 (base 15) in base 13?
-2
What is -13 (base 15) in base 10?
-18
What is -28 (base 10) in base 3?
-1001
Convert 1 (base 6) to base 7.
1
What is -5 (base 10) in base 14?
-5
b4 (base 13) to base 3
12110
4 (base 8) to base 5
4
32 (base 4) to base 13
11
-1 (base 10) to base 7
-1
Convert -92 (base 13) to base 16.
-77
What is 6 (base 7) in base 10?
6
Convert 212 (base 4) to base 7.
53
What is -3 (base 4) in base 10?
-3
-1 (base 5) to base 14
-1
What is 22 (base 5) in base 13?
c
-5 (base 11) to base 10
-5
What is -48 (base 13) in base 12?
-50
Convert 258 (base 9) to base 7.
425
What is -66 (base 14) in base 5?
-330
9 (base 14) to base 3
100
-142 (base 11) to base 8
-247
Convert -9 (base 15) to base 16.
-9
Convert 23 (base 4) to base 8.
13
147 (base 10) to base 8
223
-b (base 12) to base 8
-13
Convert 152 (base 9) to base 6.
332
What is 100011101 (base 2) in base 10?
285
What is 5 (base 11) in base 6?
5
Convert 2 (base 10) to base 9.
2
What is 40 (base 16) in base 12?
54
What is -7 (base 12) in base 15?
-7
Convert 2 (base 16) to base 3.
2
13 (base 7) to base 12
a
22 (base 10) to base 7
31
100010000 (base 2) to base 8
420
Convert -145 (base 6) to base 16.
-41
Convert -2 (base 4) to base 13.
-2
What is -101 (base 3) in base 6?
-14
1 (base 15) to base 13
1
Convert -4 (base 10) to base 5.
-4
-26 (base 7) to base 12
-18
What is -412 (base 5) in base 3?
-10222
7 (base 11) to base 10
7
Convert -25 (base 9) to base 15.
-18
2 (base 14) to base 8
2
What is 23 (base 6) in base 5?
30
-9 (base 11) to base 10
-9
What is 21 (base 9) in base 5?
34
4 (base 8) to base 13
4
Convert -6c (base 13) to base 10.
-90
Convert -1 (base 10) to base 13.
-1
Convert -5 (base 15) to base 2.
-101
Convert -305 (base 6) to base 8.
-161
Convert 130 (base 5) to base 15.
2a
e (base 15) to base 4
32
What is 0 (base 4) in base 10?
0
Convert -a (base 15) to base 9.
-11
Convert -d3 (base 14) to base 4.
-2321
-e (base 16) to base 5
-24
-135 (base 8) to base 13
-72
What is 53 (base 11) in base 8?
72
Convert 0 (base 6) to base 14.
0
Convert 34 (base 10) to base 4.
202
What is 3 (base 7) in base 16?
3
Convert -4 (base 6) to base 15.
-4
What is 12 (base 3) in base 16?
5
Convert 1 (base 15) to base 4.
1
-87 (base 11) to base 6
-235
Convert 16 (base 16) to base 8.
26
What is 214 (base 6) in base 16?
52
Convert 2 (base 15) to base 11.
2
-27 (base 12) to base 16
-1f
What is 15 (base 10) in base 7?
21
10001 (base 2) to base 5
32
What is -ab (base 12) in base 16?
-83
-103 (base 8) to base 9
-74
Convert 22 (base 9) to base 3.
202
Convert -52 (base 14) to base 3.
-2200
Convert 5 (base 11) to base 6.
5
What is 35 (base 8) in base 3?
1002
What is -45 (base 13) in base 2?
-111001
What is -1 (base 9) in base 14?
-1
What is -21111 (base 3) in base 15?
-d7
What is -1 (base 6) in base 14?
-1
Convert 111 (base 6) to base 5.
133
Convert 119 (base 10) to base 15.
7e
130 (base 6) to base 10
54
What is -3 (base 10) in base 15?
-3
-2 (base 4) to base 2
-10
What is 315 (base 7) in base 4?
2133
What is -4 (base 11) in base 6?
-4
What is -1001100 (base 2) in base 11?
-6a
What is 0 (base 11) in base 13?
0
Convert -3 (base 9) to base 16.
-3
Convert f (base 16) to base 2.
1111
-14b (base 14) to base 13
-173
Convert 3 (base 11) to base 8.
3
What is -21 (base 4) in base 13?
-9
What is -1340 (base 5) in base 8?
-334
What is 0 (base 9) in base 16?
0
What is 100 (base 2) in base 3?
11
20222 (base 3) to base 2
10111100
What is 10 (base 3) in base 11?
3
61 (base 13) to base 14
59
-4 (base 7) to base 3
-11
Convert -115 (base 7) to base 12.
-51
100 (base 7) to base 10
49
Convert -11 (base 4) to base 9.
-5
Convert 2 (base 13) to base 15.
2
4 (base 8) to base 7
4
Convert 0 (base 10) to base 12.
0
Convert -1 (base 11) to base 6.
-1
What is 0 (base 15) in base 11?
0
Convert 44 (base 6) to base 16.
1c
Convert -3 (base 5) to base 11.
-3
What is -1 (base 8) in base 13?
-1
What is -14 (base 14) in base 8?
-22
-11 (base 3) to base 8
-4
101 (base 3) to base 16
a
What is -100 (base 2) in base 15?
-4
What is -10 (base 2) in base 6?
-2
1e (base 16) to base 9
33
Convert -11 (base 16) to base 9.
-18
What is 12 (base 4) in base 7?
6
Convert -26 (base 15) to base 14.
-28
Convert 0 (base 12) to base 8.
0
Convert 413 (base 7) to base 8.
316
-10 (base 15) to base 2
-1111
What is -122 (base 3) in base 7?
-23
What is 1 (base 11) in base 10?
1
Convert -2 (base 15) to base 8.
-2
Convert 11 (base 6) to base 13.
7
What is 2 (base 16) in base 8?
2
What is -4 (base 14) in base 8?
-4
What is 3 (base 4) in base 5?
3
What is 3 (base 12) in base 4?
3
-3 (base 11) to base 2
-11
What is 10 (base 4) in base 8?
4
Convert 20 (base 3) to base 4.
12
Convert 3b (base 12) to base 3.
1202
What is 1 (base 2) in base 16?
1
Convert 0 (base 15) to base 6.
0
10 (base 3) to base 4
3
What is -18 (base 15) in base 7?
-32
-c (base 13) to base 9
-13
What is 6 (base 14) in base 10?
6
Convert 123 (base 4) to base 10.
27
Convert -64 (base 7) to base 14.
-34
Convert -1 (base 13) to base 14.
-1
What is -3d (base 14) in base 4?
-313
-1 (base 15) to base 12
-1
1 (base 13) to base 3
1
120 (base 6) to base 9
53
What is 9 (base 12) in base 3?
100
Convert 3 (base 10) to base 2.
11
2 (base 12) to base 11
2
Convert -3 (base 5) to base 10.
-3
Convert 2 (base 14) to base 4.
2
-300 (base 4) to base 16
-30
-74 (base 15) to base 10
-109
Convert -243 (base 6) to base 3.
-10200
What is -10 (base 3) in base 16?
-3
Convert -32 (base 8) to base 2.
-11010
-4 (base 6) to base 10
-4
-10 (base 4) to base 7
-4
115 (base 12) to base 15
ab
Convert c (base 14) to base 15.
c
Convert -2 (base 11) to base 3.
-2
24 (base 10) to base 9
26
-1a (base 16) to base 13
-20
Convert -11 (base 7) to base 13.
-8
What is -54 (base 14) in base 16?
-4a
Convert -a (base 12) to base 5.
-20
c (base 16) to base 15
c
-34 (base 6) to base 15
-17
-10 (base 11) to base 6
-15
What is -97 (base 14) in base 15?
-8d
What is 46 (base 13) in base 16?
3a
-11212 (base 3) to base 13
-a1
Convert 58 (base 11) to base 8.
77
3 (base 11) to base 5
3
What is 54 (base 16) in base 2?
1010100
What is 26 (base 8) in base 4?
112
Convert -141 (base 6) to base 2.
-111101
What is -3 (base 9) in base 10?
-3
Convert 351 (base 9) to base 5.
2124
What is -125 (base 9) in base 14?
-76
6 (base 9) to base 8
6
What is 1110 (base 2) in base 11?
13
Convert 1111011 (base 2) to base 5.
443
-11 (base 2) to base 13
-3
Convert -3 (base 8) to base 14.
-3
What is -3a (base 15) in base 5?
-210
Convert 10021 (base 4) to base 15.
12a
Convert -1 (base 7) to base 11.
-1
Convert -20 (base 11) to base 2.
-10110
-1000 (base 2) to base 13
-8
5 (base 11) to base 5
10
What is -1d (base 15) in base 11?
-26
What is 3 (base 4) in base 11?
3
10001001 (base 2) to base 12
b5
Convert 15 (base 16) to base 2.
10101
Convert -11 (base 8) to base 11.
-9
Convert -30 (base 5) to base 14.
-11
8 (base 9) to base 2
1000
What is -13 (base 13) in base 6?
-24
-34 (base 16) to base 2
-110100
Convert 0 (base 16) to base 13.
0
1 (base 8) to base 15
1
-17 (base 12) to base 9
-21
0 (base 6) to base 9
0
What is 217 (base 10) in base 11?
188
Convert c (base 14) to base 9.
13
What is 22 (base 4) in base 9?
11
-141 (base 5) to base 3
-1201
-3 (base 7) to base 10
-3
-1101 (base 2) to base 6
-21
Convert 0 (base 13) to base 14.
0
What is 25 (base 11) in base 6?
43
What is 18 (base 11) in base 16?
13
Convert 2 (base 10) to base 4.
2
0 (base 9) to base 14
0
What is -33 (base 11) in base 3?
-1100
-c (base 13) to base 2
-1100
Convert -3 (base 10) to base 3.
-10
-43 (base 15) to base 12
-53
Convert -10 (base 10) to base 9.
-11
What is -2 (base 11) in base 13?
-2
What is -6 (base 16) in base 10?
-6
Convert -5 (base 12) to base 16.
-5
Convert -d9 (base 14) to base 10.
-191
What is 58 (base 13) in base 11?
67
Convert 1101100 (base 2) to base 7.
213
Convert 8 (base 16) to base 12.
8
Convert -7 (base 11) to base 3.
-21
-10 (base 7) to base 16
-7
10101 (base 2) to base 14
17
What is 1031 (base 6) in base 10?
235
Convert 12 (base 12) to base 7.
20
67 (base 14) to base 4
1123
What is 10 (base 3) in base 13?
3
2 (base 3) to base 13
2
-5 (base 9) to base 6
-5
Convert 11111011 (base 2) to base 15.
11b
What is 15 (base 16) in base 7?